 f(-6). Suppose -i*o = -5*o + 5. Calculate the remainder when 14 is divided by o.
4
What is the remainder when 94 is divided by (-4 - -7)/((-1)/(-8))?
22
Let i(l) be the first derivative of 2*l**3/3 + l**2/2 - l + 3. What is the remainder when 27 is divided by i(-3)?
13
Let u(s) be the second derivative of -s**5/20 + s**4/6 + 5*s**3/6 - s**2 - 2*s. Let l be u(3). Calculate the remainder when 8 + (0 - l/2) is divided by 2.
0
Let a = 37 + -28. Suppose 0*r - 24 = -4*r. Let b = r - 1. What is the remainder when a is divided by b?
4
Let t = -2 - -2. Suppose 2*y = 2 - t. Let a = y - -3. What is the remainder when 6 is divided by a?
2
Calculate the remainder when 31 is divided by 4/(-2) + 357/21.
1
Suppose 0 = o + 17 - 16, -4*s - 4*o = -40. Calculate the remainder when 261 is divided by s.
8
What is the remainder when (5/2)/(-5)*(7 - 129) is divided by 16?
13
Let b(z) = -10*z**3 - 2*z**2 + 1. What is the remainder when 34 is divided by b(-1)?
7
Let c be (-61)/9 - (-2)/(-9). Let a = c - -11. Suppose -16 = 4*r, -a*l + 2*r + 32 = -l. What is the remainder when 15 is divided by l?
7
Let w(n) = 4*n**2 + 3. Calculate the remainder when 37 is divided by w(-2).
18
Let q = -17 - -18. Suppose -s = -3*s + 26. Calculate the remainder when 34 + ((-3)/q - -6) is divided by s.
11
Suppose 4*s - 215 = -43. Let k = -30 + s. Calculate the remainder when 75 is divided by k.
10
Suppose -8*y - 40 = -13*y. What is the remainder when 14 is divided by y?
6
Suppose 2*n + 7 = 3*u, 5*n - 1 = -u + 7. Let o(x) = 7*x**2 + 2*x + 1. Calculate the remainder when o(-1) is divided by u.
0
Let r(k) = -2*k + 17. Let o be r(7). Suppose j - o*w + 8 = 0, -5*j + 11 = -0*w + 2*w. What is the remainder when 1 is divided by j?
0
Let h = 25 + -15. Suppose -2*n = 3*o - 46, 2*n + 4*o = 5*n - 103. Calculate the remainder when n is divided by h.
9
Suppose 5*i = 3*x + 40, -2*i + x - 5 = 4*x. Suppose -5*w = -3*w. Suppose w = 2*h - 5*f + 19, 2*h - 4*f + 11 = -h. What is the remainder when i is divided by h?
2
Suppose -2*h - h = t + 6, 2*h = 2*t - 20. Suppose l - t = -i + 2, -5*l + 80 = -5*i. What is the remainder when 22 is divided by l?
10
Let s = -45 - -80. What is the remainder when s is divided by 19?
16
What is the remainder when (-3 + 5)*255/6 is divided by (87/(-3))/((-1)/1)?
27
Suppose -3*k + 115 = 2*k - 2*v, -4*k + 89 = -v. Calculate the remainder when k is divided by (-52)/(-8) + (-1)/2.
3
Suppose 32 - 131 = -3*v. What is the remainder when v is divided by (18 - 1) + 0/2?
16
Let h = -11 + 8. Let c be h/6*-4 - 2. Suppose c = -z + 16 + 28. What is the remainder when z is divided by 23?
21
Let k(x) = x**3 + 5*x**2 - x + 2. Suppose -n - 72 = -5*o + 135, 0 = 3*o + 5*n - 141. What is the remainder when o is divided by k(-4)?
20
Let k(g) = 18*g**3 - 2*g**2 + g. Suppose -3*l + 3 = -0. What is the remainder when k(l) is divided by (-4)/(1 - 5/3)?
5
Suppose 2*a = -2 + 4. Let g(p) = p**3 - 8*p**2 + 5*p + 1. What is the remainder when g(8) is divided by 15 - (a + 1)/2?
13
What is the remainder when 429/12 + 15/(-20) is divided by 18?
17
Suppose 3*j - 118 = -4*a, 0 = -4*j - a - a + 164. Suppose -28 = -5*v - p + 42, -3*v + j = -3*p. Calculate the remainder when 40 is divided by v.
12
Suppose 6 - 171 = -5*c. What is the remainder when 63 is divided by c?
30
What is the remainder when 20 is divided by -2*(6/(-4) - 0)?
2
Let w = 10 - 7. Suppose 5*q = 3*v - 125, -v - w*q - 1 = -66. Calculate the remainder when v is divided by 13.
11
Suppose 5*k + m = 141, -2*k - 4*m + 9 + 33 = 0. Calculate the remainder when 115 is divided by k.
28
Suppose 2*k + 3 = 2*i - 9, i = -3*k + 22. Suppose -4*w + i = -50. Calculate the remainder when 27 is divided by w.
12
Suppose 0*v - 5*v + 59 = r, -5*v = -25. Calculate the remainder when r is divided by 12.
10
Let n = -13 + 20. Calculate the remainder when 11 is divided by n.
4
Let l be 530/14 - (-4)/28. Let u = -24 + l. What is the remainder when ((-52)/(2*1))/(-1) is divided by u?
12
Let c(x) = 4*x**2 - x - 5. Let g(q) = -q**2 + 1. Let j(u) = 2*c(u) + 9*g(u). Let r be j(-3). Calculate the remainder when 4/2*(-42)/r is divided by 11.
10
Let j be -2 + ((-1)/1 - -18). Suppose 0 = c - j - 2. What is the remainder when 49 is divided by c?
15
Suppose 0 = -h - 8 + 26. What is the remainder when 30 is divided by h?
12
Let u = -43 - -81. What is the remainder when 150 is divided by u?
36
Suppose -4*g + 28 = 3*g. What is the remainder when 7 is divided by g?
3
Let t be 110/4*6/5. Let u = -20 + t. Calculate the remainder when u is divided by 8.
5
Suppose 5*p - 4*i = -110, -p - i + 0 - 31 = 0. Let x = -17 - p. What is the remainder when 15 is divided by x?
6
Suppose -4*o + 7*o = 30. What is the remainder when 176/6 + 3/(-9) is divided by o?
9
Let o = 0 + 3. Calculate the remainder when 1*(0 + 55/(-10)*-2) is divided by o.
2
Suppose 0 = 4*m, -4*m = -2*d + 14 - 6. Suppose 2*q - d*a - 4 = -12, -5*q + 2 = a. What is the remainder when 9 is divided by (6 + -5)*(5 + q)?
4
Let i(a) = -3*a**3 - 2*a**2 - 4*a - 3. What is the remainder when i(-2) is divided by 6?
3
Let t be -2 + 44 - (-1 - 1). Let k = -21 + t. Calculate the remainder when 43 is divided by k.
20
Let l(o) be the second derivative of 5*o**3/6 + o**2/2 + o. Let x = 91 + -75. Calculate the remainder when x is divided by l(1).
4
Let z(c) = -c**2 - 10*c + 4. Let k be z(-10). Suppose -r = 3*j - 19 - 16, r - k*j - 21 = 0. Calculate the remainder when r is divided by (-1 + -1)/(2/(-10)).
9
Let l = 31 + -19. What is the remainder when 46 is divided by l?
10
Let h = 8 + -4. Let x(d) = 18*d**2 - 2*d + 3. Let y be x(2). Suppose 3*s - 3*j = -h*j + 50, -4*s = -3*j - y. Calculate the remainder when s is divided by 9.
8
Let x(l) = 11*l**2 + l + 2. Calculate the remainder when x(-1) is divided by 5.
2
Calculate the remainder when (-106)/(-2) + (-3)/(-3) is divided by 19.
16
What is the remainder when (-18)/(-8)*(-24)/(-9) is divided by -1 + 2 + (0 - -3)?
2
What is the remainder when ((-147)/84)/((-2)/56) is divided by 25?
24
Suppose -5*a - 5 = 10, -3*a = -4*p + 21. Let t(c) = -c**2 + 3. Let d be t(0). Suppose 14 + 1 = d*x. What is the remainder when x is divided by p?
2
Let s = -84 - -59. Let a = s - -39. What is the remainder when 55 is divided by a?
13
Suppose -7 = 3*u + 2. What is the remainder when 75 is divided by (0 + 3)/(u/(-26))?
23
Let q = 51 + -20. Suppose 94 = 5*l + 39. Calculate the remainder when q is divided by l.
9
Let c(v) = -v**2 + 1. Let m be c(-2). Let g(u) = -16*u - 3. What is the remainder when g(m) is divided by 16?
13
Let q(c) = -c. Let s be (0 + 1)/(-2)*8. Let k be q(s). What is the remainder when 37 is divided by ((-26)/8)/((-1)/k)?
11
Let x(f) = 5*f - 10. What is the remainder when 22 is divided by x(3)?
2
Let w = 67 - 63. What is the remainder when 15 is divided by w?
3
Suppose 10*w = 5*w. Suppose w = -q - 4*q - 135. Let u = -7 - q. Calculate the remainder when 38 is divided by u.
18
Suppose 0 = 4*v - 3*v + 2. What is the remainder when 2/(v - (-252)/123) is divided by (4 - 3) + 7 + 3?
8
Let r(s) = 6*s**2 + 4*s - 8. Calculate the remainder when r(-4) is divided by 15.
12
Let p(w) = -w**3 - 5*w**2 + 3*w + 12. What is the remainder when p(-6) is divided by 16?
14
Let n be (-4 + 2)*(3 + -1). Let x(o) = o**3 + 5*o**2 + 2*o - 1. Calculate the remainder when 34 is divided by x(n).
6
Suppose 6*y + 24 = 2*y. Calculate the remainder when 7 is divided by y*(-3 + (-15)/(-6)).
1
Let z(x) be the first derivative of -9*x - 1 - 3*x**3 - 1/4*x**4 - x**2. What is the remainder when 16 is divided by z(-9)?
7
Suppose -8 = -4*c, -4*z - 3*c - 8 = -7*c. Suppose z = -l + 2 + 5. Calculate the remainder when 27 is divided by l.
6
Let u(q) = q + 1. Let k be (-4)/1*4/(-8). Suppose 0*f + 2*a - 14 = -2*f, 13 = k*f + 3*a. Calculate the remainder when f is divided by u(4).
3
Suppose -3*b + 245 = 4*g - 59, 5*g + 2*b = 380. What is the remainder when g is divided by 7?
6
Let b = -14 + 23. What is the remainder when b is divided by 5?
4
Suppose 0 = 3*q - 4*q + 4. Let v(a) = a**2 - a. What is the remainder when q is divided by v(-1)?
0
Let j(s) = 5*s**2 + 2*s - 3. Let k be j(2). Suppose -k = -3*w + 12. What is the remainder when 19 is divided by w?
8
Suppose -6*z + 3*z + 30 = 0. Calculate the remainder when 28 is divided by z.
8
Let l be 1/2*(-1 + -11). Cal